952 - z. What is the hundreds digit of m?
6
What is the tens digit of (-2466805)/(-121) - (-28)/154?
8
Let v be 2 - (-6)/(-5) - (-1863)/15. Suppose -4*p + 103 = -5*i - 107, -25 = 5*p. Let u = i + v. What is the tens digit of u?
7
Suppose -8*y + 16 = -40. Let c = y - -9. What is the units digit of c?
6
What is the hundreds digit of (480/7)/16*196?
8
Let r = 44 + -41. Let p = -802 - -1188. Suppose 0 = r*x - 5*x + p. What is the hundreds digit of x?
1
Let l(x) = -x**3 + 63*x**2 + 10*x - 38. What is the units digit of l(11)?
4
Let o(z) = 670*z**2 + 176*z + 71. What is the ten thousands digit of o(7)?
3
Let d be (1226*4/2)/(25 + -23). Suppose -p = -2*g - 4*p + 818, 4*p = -3*g + d. What is the units digit of g?
6
Suppose -24*t + 2682 = -6*t. Suppose 6560 = t*y - 141*y. What is the tens digit of y?
2
Suppose -5*s + 191 + 1809 = 0. Suppose -4*w - t = -6*w + 185, 4*w - s = -4*t. What is the units digit of w?
5
Let p = -1901 - -11577. What is the thousands digit of p?
9
Suppose -66371 = -5*l - 2*n, -3*n - 13285 = -l - 7*n. What is the ten thousands digit of l?
1
Suppose -h = 18*h + 615777 - 1943079. What is the units digit of h?
8
Let b = -11319 + 21573. What is the units digit of b?
4
Let z = 1108 - 459. Suppose d + z = 5*q, -5*d - 259 = -2*q - 4*d. What is the hundreds digit of q?
1
Let x(i) = -3*i - 36. Suppose 140 = -11*t - 3*t. Let l be x(t). What is the tens digit of l/2 + 1750/14?
2
Suppose -131*w + 66*w = -739050. What is the hundreds digit of w?
3
Suppose -3*l - 3*l = 282. Let d = l + 45. What is the units digit of (d/(-3))/((-1)/(-42))?
8
Suppose 1938 = 15*y + 93. Let m = 48 - 89. Let p = m + y. What is the tens digit of p?
8
What is the units digit of (6 - 2) + 846 + (-32)/(-4)?
8
Suppose 4*d + 89158 = -25*d + 496579. What is the ten thousands digit of d?
1
Let l = -297 - -300. Suppose l*y + 133 = o, 4*o - 65 - 434 = y. What is the hundreds digit of o?
1
Suppose -95*t - 30*t - 3688724 = -14801474. What is the ten thousands digit of t?
8
Let o(i) = i**2 - 2*i - 3. Let p be o(-2). Let r = 1716 - 1677. Suppose -3*d = 3*c - r, 3*d + 4 + 45 = p*c. What is the tens digit of c?
1
Let l(f) = 543*f**2 + 2*f - 2. Let n be l(-2). Suppose 7*p + 1444 = 9*p + 5*r, 5*r = 3*p - n. What is the tens digit of p?
2
What is the hundreds digit of -1 + 21/27 + (-932624)/(-198)?
7
Let t = 1201 + -526. Suppose 45*w + 685 = 47*w + 5*i, 0 = 2*w + 3*i - t. What is the tens digit of w?
3
Let g(i) = 28*i**2 + 7*i + 7. Let f be g(9). Suppose -14*v + f = -1302. What is the units digit of v?
0
What is the units digit of (-6)/(-120) - (-86933)/140?
1
Let i be 84/(-7) + 7 - -7. Suppose -i*x + 24 = -246. What is the tens digit of x?
3
Let z(s) = s**3 - 5*s**2 + s + 5. Let h be z(6). Suppose -h = -0*n - n. Suppose -3*x - 4 + n = c, -x = -3*c - 11. What is the tens digit of x?
1
Let v be (-324)/63*1 - (-2)/14. Let h(x) = -178*x + 21. What is the units digit of h(v)?
1
Suppose -1605*n + 1603*n + 56220 = -2*l, -n - 2*l = -28095. What is the ten thousands digit of n?
2
Suppose 39 = 3*o - i, 0*o = -o - 3*i + 13. Let a(r) = 4*r**2 - 25*r - 14. What is the hundreds digit of a(o)?
3
Let t(a) = -29*a - 18. Suppose y = -2*v + 3*y, 0 = v - 5*y + 12. Let n = v - 7. What is the tens digit of t(n)?
9
Let o be ((-3)/6 + 0)/((-3)/(-60)). Let b(n) = 11303*n - 2 - 11327*n - 16. What is the tens digit of b(o)?
2
Let h be ((-162)/(-135))/(-3*(-2)/(-20)). What is the tens digit of (((-3616)/(-10))/h)/(4/(-10))?
2
Suppose -3*g + 13*g - 70 = 0. What is the tens digit of (-2)/g + (-13345)/(-35)?
8
Suppose 2*g = -3*j + 396, 2*j = -g - 2*j + 198. Let a be (87/(-6))/((-9)/g). Let p = -129 + a. What is the units digit of p?
0
Let t(s) = 2*s + 28. Let z be t(-13). What is the units digit of z + (5 - 6) - (-264 + 0)?
5
Suppose -3*b = 5*n - 4016, 0 = -21*n + 23*n - 4*b - 1596. Suppose n = 16*u - 8158. What is the tens digit of u?
6
Let w(z) = 2040*z**2 + 2*z - 2. What is the thousands digit of w(-1)?
2
Let j(r) = -5*r**3 + 45*r**2 + 331*r + 34. What is the thousands digit of j(-20)?
1
Suppose -538*c + 525*c = -4115 - 1852. Let l = -613 - -340. Let m = c + l. What is the units digit of m?
6
Suppose -78*p + 2108778 = 40*p. What is the units digit of p?
1
Suppose 5*i = -2*m + 34311, 3*m + 7*i = 10*i + 51519. What is the thousands digit of m?
7
Suppose 63 = 6*d - 3*d. What is the units digit of (2 - 19/2)*(-28)/d?
0
Let d = -444 - -461. Suppose -m - 4*p + 4 = 0, 0 = -m + 4*p + d + 11. What is the tens digit of m?
1
What is the tens digit of (0 - (-3 - -2))*(-33)/66*-70948?
7
Let q be 42/((-5)/(60/8)). Let f = q + 65. Suppose 4*k + 0*o - f*o = 726, 4*o + 900 = 5*k. What is the hundreds digit of k?
1
Suppose -2*p - 5*a - 21 = 0, -p + 2*a = 21 - 15. What is the units digit of (2*105/(-4))/(p/112)?
5
Let y be -1 + 113 - 0/(-6). Let w(d) = 3*d + 8. Let q be w(-2). Suppose o = -2*t + 97, q*t + 27 = -5*o + y. What is the units digit of t?
0
Suppose k + 4*k = 2*i + 1372, -543 = -2*k - 5*i. What is the units digit of k/6 - 36/54?
5
Let u(v) = v + 21. Let t be 10/15*6 - 4. Let k be u(t). Suppose k*g - 19*g = 64. What is the tens digit of g?
3
What is the thousands digit of ((40614/(-9))/7)/(58/(-609))?
6
Suppose -2*d + c = -4*d + 13, 4*d - 4*c = -4. Suppose -2*k = -11*p + 6*p - 455, -3*k + 693 = -d*p. What is the hundreds digit of k?
2
Suppose 5*v - 4*t = 26, 2 + 16 = 5*v - 2*t. Let d = -2 + v. Suppose d = -5*o - 3*n - 21 + 70, -n = o - 11. What is the units digit of o?
8
Suppose 0 = -3*r + 19806 + 12957. What is the tens digit of r?
2
Let x be ((-1)/2)/((-1)/928). Suppose -3*g - x = -11*g. Let n = g - 31. What is the units digit of n?
7
Let h(v) = -65*v + 55. Let w(u) = 23*u - 18. Let p(o) = -3*h(o) - 8*w(o). Let i(l) = -l**3 + l**2 + 3*l + 2. Let k be i(-2). What is the units digit of p(k)?
7
Suppose -56 - 99 = -5*u. Suppose -7*s - 9168 = -u*s. What is the units digit of s?
2
Let m = 6722 + 5465. What is the tens digit of m?
8
Suppose t - 6 = -2*t. Suppose r = f, 4*r - 8 = t*r. Suppose -5*y + 3*l + 213 = 0, -y + f*y = 5*l + 115. What is the tens digit of y?
4
Suppose 0 = -26*a + 31*a - 15. Suppose 2*f = 2*m + 870, a*f + 129 = -4*m + 1469. What is the hundreds digit of f?
4
Let c(l) = -l**2 + 9*l - 7. Let s be c(7). Suppose s*q - 5*q = 1476. What is the units digit of q?
8
Suppose -2*p + 55 = 5*b, -5*p - 12 = -5*b + 8. What is the hundreds digit of (33670/(-84) - 6/b)*-2?
8
Suppose 5*g - 4 = -k, g - 10*k = -6*k - 16. Suppose -41*n + 4*n + 333 = g. What is the units digit of n?
9
Suppose -98 = -5*r - 18. Let f = 52 - r. Let i = f + 16. What is the tens digit of i?
5
Suppose 7*i - 5704 = 4*g - 48123, -3*g + 31827 = -i. What is the hundreds digit of g?
6
Let v = 2024 + -1193. Suppose -5*x + v + 1508 = t, x = t + 469. What is the hundreds digit of x?
4
Let u = 415 + -208. Let z(d) = -24 + u*d**2 - 197*d**2 - d**3 + 5 + 12*d - 3. What is the units digit of z(10)?
8
Let q(d) = -d + 1. Let u(s) be the third derivative of -s**4/24 - 3*s**3/2 + 27*s**2. Let a(t) = 4*q(t) - u(t). What is the units digit of a(2)?
7
Suppose -7*b + 1431 + 1019 = 0. Let k = b + -96. What is the tens digit of k?
5
Let b(c) = -4*c + 16. Let v(t) = -7*t + 0*t**2 + 17*t - 1 + t**2. Let k be v(-5). What is the hundreds digit of b(k)?
1
Let p = -81 + 81. Suppose p = 7*h - 14*h. Suppose 3*y + 2 - 332 = h. What is the hundreds digit of y?
1
Let a(r) = 39*r - 14. Let d be a(-3). Let g = d + 281. What is the tens digit of g?
5
Let n(h) = -h**3 - 11*h**2 - 2*h - 5. Let q be n(-11). Suppose q + 22 = -3*j. Let d(b) = b**2 - 26. What is the tens digit of d(j)?
4
Let m(b) = -b**3 + 8*b**2 + 24*b - 25. Let u be m(10). Suppose 0 = u*v + 10*v - 3475. What is the hundreds digit of v?
1
Suppose 1313 = 4*u + 3*z - 2*z, -5*z = 5*u - 1630. Suppose l = 3*f - u, 4*l - 3*l = -3*f + 319. Suppose -k + 47 = c - f, 0 = c. What is the tens digit of k?
5
Suppose 6 = c - k + 3*k, -17 = -3*c - 5*k. Suppose -233 = c*d - 1197. What is the units digit of d?
1
Suppose s + 12 = 18. Let w(x) = -3 + 2*x**2 + s*x - 2*x - 5*x. What is the units digit of w(5)?
2
Suppose 72 = 167*l - 158*l. Suppose -5*i - l*i = -7891. What is the hundreds digit of i?
6
Let v be 1/3*(-6 - -9). Let t(g) = -29*g**2 - 3*g + 4. Let x be t(v). Let p = 67 + x. What is the units digit of p?
9
Suppose 36886 + 46972 =